57
What is the greatest common divisor of 3114 and 557471394?
3114
What is the highest common factor of 437 and 6449453?
23
What is the highest common factor of 63791827 and 11?
11
Calculate the greatest common factor of 753 and 11943.
3
What is the greatest common factor of 4314555 and 420?
105
What is the greatest common divisor of 273 and 68093781?
21
What is the highest common divisor of 322690 and 34822?
46
What is the highest common divisor of 450 and 701964675?
225
Calculate the greatest common factor of 2530925 and 335.
335
Calculate the greatest common divisor of 77 and 828533101.
11
What is the greatest common factor of 8 and 25346968?
8
Calculate the highest common divisor of 567 and 381833514.
81
What is the greatest common factor of 31496 and 12568?
8
What is the greatest common factor of 31701 and 424180514?
10567
Calculate the greatest common divisor of 420160212 and 180.
36
What is the highest common divisor of 1044 and 316908?
36
What is the greatest common factor of 202571 and 77488?
167
What is the greatest common factor of 88 and 57282434?
22
Calculate the highest common factor of 1464 and 37664511.
183
What is the greatest common divisor of 120 and 226924680?
120
Calculate the greatest common factor of 48 and 22318272.
48
Calculate the greatest common factor of 40088253 and 1245.
249
Calculate the greatest common divisor of 1050 and 12903450.
1050
Calculate the greatest common factor of 14 and 32592623.
7
Calculate the greatest common divisor of 335354004 and 21492.
7164
What is the highest common divisor of 5188 and 4334574?
2594
Calculate the greatest common divisor of 171 and 3736844.
19
Calculate the highest common factor of 485862 and 78.
78
What is the greatest common factor of 4348564 and 6072?
1012
What is the greatest common factor of 255 and 177266225?
85
What is the highest common factor of 1182311 and 533?
13
Calculate the greatest common factor of 34574 and 42974.
2
What is the highest common factor of 1340 and 22940?
20
Calculate the highest common factor of 99509940 and 180.
180
Calculate the greatest common factor of 2458272 and 368211.
2649
Calculate the highest common divisor of 23607808 and 98.
98
Calculate the highest common factor of 60 and 40808595.
15
Calculate the greatest common divisor of 421491330 and 8853.
8853
Calculate the highest common divisor of 309 and 14809031.
103
Calculate the greatest common divisor of 903020 and 82804.
652
Calculate the greatest common factor of 702 and 4782834.
54
What is the greatest common factor of 462025074 and 42?
42
Calculate the highest common factor of 240534112 and 2912.
2912
Calculate the highest common divisor of 170 and 138801294.
34
What is the highest common divisor of 2494859 and 288279?
3559
Calculate the greatest common divisor of 14686596 and 156.
12
What is the greatest common divisor of 4 and 2059394?
2
Calculate the greatest common divisor of 272 and 150727576.
136
Calculate the greatest common factor of 273762386 and 166.
166
Calculate the highest common factor of 5311496 and 16.
8
Calculate the highest common factor of 3240 and 10123704.
648
Calculate the highest common divisor of 118649 and 553025.
2011
What is the greatest common divisor of 19 and 32201599?
19
Calculate the greatest common divisor of 12955 and 541796237.
2591
What is the highest common factor of 82 and 87824419?
41
Calculate the highest common factor of 3141 and 87057.
9
Calculate the highest common divisor of 534465 and 108040.
185
What is the highest common factor of 54858 and 5986?
82
Calculate the greatest common divisor of 319 and 2114223859.
319
What is the highest common factor of 148 and 1348021?
37
What is the greatest common divisor of 3260 and 728386690?
1630
Calculate the greatest common factor of 85592 and 209768.
104
What is the greatest common factor of 863054 and 33596?
454
What is the highest common factor of 1307124 and 1963143?
2457
Calculate the greatest common factor of 218 and 11757721.
109
Calculate the highest common factor of 65090233 and 61.
61
Calculate the greatest common factor of 992 and 5050706.
62
What is the greatest common factor of 25208 and 2528528?
184
Calculate the highest common divisor of 60 and 442590.
30
What is the highest common divisor of 2437658 and 2?
2
What is the greatest common divisor of 195667450 and 40?
10
Calculate the highest common factor of 3868284 and 336.
84
Calculate the greatest common factor of 295472 and 52746.
118
What is the highest common factor of 47016858 and 84?
42
What is the greatest common factor of 61190 and 13782520?
2110
What is the greatest common divisor of 56252 and 19161268?
1148
Calculate the greatest common factor of 52944829 and 14.
7
What is the greatest common divisor of 6031777 and 74?
37
Calculate the highest common divisor of 4238775 and 144.
9
What is the greatest common factor of 453106300 and 1900?
1900
What is the highest common factor of 96584748 and 13?
13
What is the greatest common divisor of 9940 and 3464580?
140
Calculate the highest common factor of 2062 and 218306002.
2062
Calculate the greatest common divisor of 39747422 and 66.
22
Calculate the highest common divisor of 130933618 and 12836.
6418
What is the greatest common factor of 2702504 and 3584?
56
Calculate the highest common divisor of 19473666 and 78.
6
Calculate the highest common divisor of 660 and 42364770.
30
Calculate the highest common divisor of 210 and 11136160.
70
Calculate the greatest common divisor of 171 and 59714541.
9
Calculate the highest common divisor of 288972 and 14292.
36
Calculate the greatest common divisor of 115 and 6125.
5
Calculate the highest common divisor of 2619060 and 60.
60
Calculate the highest common divisor of 8575 and 16597770.
1715
What is the greatest common divisor of 657 and 18465615?
9
Calculate the greatest common factor of 39638014 and 597.
199
What is the greatest common divisor of 86454904 and 2868?
956
Calculate the greatest common factor of 14801740 and 40.
20
Calculate the highest common factor of 9858 and 2053326.
318
What is the highest common divisor of 69285327 and 7587?
843
What is the highest common factor of 63 and 301482?
9
What is the highest common divisor of 121 and 5648?
1
What is the greatest common factor of 333662 and 73934?
14
Calculate the greatest common divisor of 65675 and 9963175.
925
Calculate the highest common factor of 341886472 and 2260.
452
Calculate the greatest common divisor of 156028082 and 14.
14
What is the greatest common factor of 6842 and 4879974?
22
What is the greatest common divisor of 8829646 and 700?
14
What is the greatest common divisor of 269016 and 114048?
264
Calculate the highest common factor of 1350 and 714621150.
1350
What is the greatest common factor of 578821451 and 338?
169
Calculate the greatest common factor of 483537 and 4.
1
What is the greatest common divisor of 118062310 and 5?
5
What is the greatest common divisor of 227025260 and 84?
28
Calculate the greatest common factor of 71579 and 9.
1
What is the highest common divisor of 62474038 and 88?
22
What is the highest common factor of 328896 and 31488?
192
Calculate the greatest common factor of 183520 and 181485.
185
Calculate the greatest common factor of 3608947 and 5977.
43
What is the highest common factor of 9858595 and 873?
97
Calculate the greatest common divisor of 135570 and 19350.
30
What is the greatest common factor of 218 and 173475898?
218
Calculate the greatest common factor of 942918 and 11562.
246
Calculate the highest common factor of 1028 and 20980.
4
What is the greatest common divisor of 454 and 125952085?
227
What is the highest common divisor of 27 and 2516430078?
27
Calculate the greatest common divisor of 34503 and 237864.
159
What is the greatest common divisor of 573363 and 288358?
3353
What is the highest common divisor of 735950 and 4693925?
8975
Calculate the greatest common divisor of 4 and 12016388.
4
Calculate the highest common divisor of 1404142 and 1572486.
3826
What is the highest common factor of 567635 and 8560?
535
Calculate the greatest common factor of 2528370 and 54990.
1170
What is the greatest common factor of 4009063 and 1074?
179
Calculate the highest common divisor of 21 and 215796687.
3
What is the highest 